{"id":302,"date":"2026-03-02T11:25:46","date_gmt":"2026-03-02T11:25:46","guid":{"rendered":"https:\/\/lauraneu.laura-sun.de\/?page_id=302"},"modified":"2026-03-02T11:25:46","modified_gmt":"2026-03-02T11:25:46","slug":"brief-an-die-lehrer","status":"publish","type":"page","link":"https:\/\/lauraneu.laura-sun.de\/?page_id=302","title":{"rendered":"Brief an die Lehrer"},"content":{"rendered":"\n<p>Sehr geehrte Lehrer und Lehrerinnen,<br><br>wir, die Klasse 8a m\u00f6chten uns geren nochmals wegen des Buches bei ihnen entschuldigen. Unsere Klasse wei\u00df genau, dass wir bestraft werden k\u00f6nnen. Aber am Schlimmsten w\u00e4re f\u00fcr uns, wenn sie alles falsch verstehen w\u00fcrden. Die ganzen Ferien \u00fcber hatten wir ein schlechtes Gewissen und konnten nicht glauben, dass unser Buch, indem wir \u00fcbertriebene Dinge festgehalten haben, nun bei ihnen selbst sei und das \u00fcber dieses jetzt so diskutiert werde.<br><br>Die Klasse wei\u00df genau, dass es sehr geschmacklose Texte, Zeichnungen usw. waren. Doch dieses Buch hatte f\u00fcr uns eine ganz andere Bedeutung. Es war wie ein Tagebuch. Jeder in unserer Klasse konnte reinschreiben, was er mochte. Ob es nun geschmacklos, witzig, normal&#8230;.war. Keiner hatte sich etwas dabei gedacht. Man konnte Witze reinschreiben, Probleme, oder sich einfach abreagieren und dann ist nat\u00fcrlich klar, dass wenn das jemand anderes vorgesetzt bekommt es zu gro\u00dfen Missverst\u00e4ndnissen kommen kann. Viele Sch\u00fclerinnen haben einfach das reingeschrieben oder gemalt, was ihnen im Moment eingefallen war , wenn man sich das dann ein zweites mal durchgelesen oder nur angesehen hat, fand man es meistens selbst dumm oder gemein, doch wir haben trotzdem keine Seite dieses Buches weggekillt oder raddiert. Warum auch- es war ja nur f\u00fcr uns, dachten wir zumindest. Die meisten haben einfach darauflos geschrieben, gemalt und \u00fcber keine Konsequenzen nachgedacht. Oder wenn wir uns \u00fcber etwas \u00e4rgerten- dann hat man irgendetwas erfunden- was man sowieso nie von dieser Person in Wirklichkeit glauben w\u00fcrde. Es ist dann nat\u00fcrlich eine komische Situation, wenn derjenige das dann sieht, was man \u00fcber ihn festgehalten hatte. Wir wollten doch nur meistens unseren Frust abschreiben.<br><br>Viele unserer Klasse hatten Angst in die Schule zu gehen. Fast alle von der Klasse haben jedenfalls haben in dieses Buch gemalt oder geschrieben.. Also bitte geben sie keinen einzelnen die Schuld! Und die Gedanken, die von den einzelnen Sch\u00fclerinnen festgehalten worden sind, kamen nicht nur von ihnen allein, denn dazu haben wir fast alle mitgeholfen! Die Klasse steht dazu und es tut uns allen Leid!<br><br>Viele von ihnen behaupten auch, wir w\u00fcrden uns nicht so oft am Unterricht beteiligen oder gar andere, die sich doch \u00f6fter melden, fertigmachen. Es stimmt zwar, dass die Klasse insgesamt nicht so gute Mitarbeit leistet, aber es ist nicht richtig, dass andere gemobbt werden. Man bewundert eher die, die etwas mehr wissen,<br><br>Es hei\u00dft auch immer, dass die 8a nicht richtig zusammenhalte, das stimmt auch nicht. \u00dcber die Schuljahre hinweg ist es immer besser geworden! Nat\u00fcrlich kennt man manche nicht so gut und es gibt Gruppen, doch es gibt keine Sch\u00fclerin, die eine andere wirklich nicht mag. Und wenn es darauf ankommt halten wir 100% zusammen! Z.B. durch die Geschichte mit dem Buch! Manche waren wirklich schlecht drauf und traurig, als es uns weggenommen worden war und sind dann von anderen wieder aufgebaut worden. Deshalb k\u00e4mpfen wir auch so darum, dass unsere Klasse nie getrennt wird! Die meisten k\u00f6nnen sich \u00fcberhaupt nicht vorstellen, in eine andere Klasse zu&nbsp; gehen! Wir werden versuchen, uns in jedem Bereich zu bessern! So etwas wie mit unserem Buch wird nie wieder vorkommen!<br><br>Ihre Klasse 8a<\/p>\n\n\n\n<p>Hier der Brief im Original:<\/p>\n\n\n\n<figure class=\"wp-block-image size-full\"><img loading=\"lazy\" decoding=\"async\" width=\"600\" height=\"864\" src=\"https:\/\/lauraneu.laura-sun.de\/wp-content\/uploads\/2026\/03\/brief1.jpg\" alt=\"\" class=\"wp-image-303\" srcset=\"https:\/\/lauraneu.laura-sun.de\/wp-content\/uploads\/2026\/03\/brief1.jpg 600w, https:\/\/lauraneu.laura-sun.de\/wp-content\/uploads\/2026\/03\/brief1-208x300.jpg 208w\" sizes=\"auto, (max-width: 600px) 100vw, 600px\" \/><\/figure>\n\n\n\n<figure class=\"wp-block-image size-full\"><img loading=\"lazy\" decoding=\"async\" width=\"600\" height=\"859\" src=\"https:\/\/lauraneu.laura-sun.de\/wp-content\/uploads\/2026\/03\/brief2.jpg\" alt=\"\" class=\"wp-image-304\" srcset=\"https:\/\/lauraneu.laura-sun.de\/wp-content\/uploads\/2026\/03\/brief2.jpg 600w, https:\/\/lauraneu.laura-sun.de\/wp-content\/uploads\/2026\/03\/brief2-210x300.jpg 210w\" sizes=\"auto, (max-width: 600px) 100vw, 600px\" \/><\/figure>\n","protected":false},"excerpt":{"rendered":"<p>Sehr geehrte Lehrer und Lehrerinnen, wir, die Klasse 8a m\u00f6chten uns geren nochmals wegen des Buches bei ihnen entschuldigen. Unsere Klasse wei\u00df genau, dass wir bestraft werden k\u00f6nnen. Aber am Schlimmsten w\u00e4re f\u00fcr uns, wenn sie alles falsch verstehen w\u00fcrden. Die ganzen Ferien \u00fcber hatten wir ein schlechtes Gewissen und konnten nicht glauben, dass unser &hellip; <a href=\"https:\/\/lauraneu.laura-sun.de\/?page_id=302\" class=\"more-link\"><span class=\"screen-reader-text\">Brief an die Lehrer<\/span> weiterlesen<\/a><\/p>\n","protected":false},"author":1,"featured_media":0,"parent":0,"menu_order":0,"comment_status":"closed","ping_status":"closed","template":"","meta":{"footnotes":""},"class_list":["post-302","page","type-page","status-publish","hentry"],"_links":{"self":[{"href":"https:\/\/lauraneu.laura-sun.de\/index.php?rest_route=\/wp\/v2\/pages\/302","targetHints":{"allow":["GET"]}}],"collection":[{"href":"https:\/\/lauraneu.laura-sun.de\/index.php?rest_route=\/wp\/v2\/pages"}],"about":[{"href":"https:\/\/lauraneu.laura-sun.de\/index.php?rest_route=\/wp\/v2\/types\/page"}],"author":[{"embeddable":true,"href":"https:\/\/lauraneu.laura-sun.de\/index.php?rest_route=\/wp\/v2\/users\/1"}],"replies":[{"embeddable":true,"href":"https:\/\/lauraneu.laura-sun.de\/index.php?rest_route=%2Fwp%2Fv2%2Fcomments&post=302"}],"version-history":[{"count":1,"href":"https:\/\/lauraneu.laura-sun.de\/index.php?rest_route=\/wp\/v2\/pages\/302\/revisions"}],"predecessor-version":[{"id":306,"href":"https:\/\/lauraneu.laura-sun.de\/index.php?rest_route=\/wp\/v2\/pages\/302\/revisions\/306"}],"wp:attachment":[{"href":"https:\/\/lauraneu.laura-sun.de\/index.php?rest_route=%2Fwp%2Fv2%2Fmedia&parent=302"}],"curies":[{"name":"wp","href":"https:\/\/api.w.org\/{rel}","templated":true}]}}